60077230?
0
What is the units digit of 137746821?
1
What is the hundred thousands digit of 684674145?
6
What is the ten millions digit of 156514700?
5
What is the ten thousands digit of 41299927?
9
What is the hundreds digit of 251262765?
7
What is the ten millions digit of 1026206680?
2
What is the units digit of 695183082?
2
What is the thousands digit of 177569465?
9
What is the units digit of 1493631704?
4
What is the hundred thousands digit of 98719422?
7
What is the hundreds digit of 232321954?
9
What is the units digit of 1228564?
4
What is the thousands digit of 26069840?
9
What is the tens digit of 51861448?
4
What is the ten millions digit of 2890183469?
9
What is the units digit of 6071493133?
3
What is the millions digit of 15621236?
5
What is the hundreds digit of 303648257?
2
What is the hundreds digit of 2012008571?
5
What is the tens digit of 155371478?
7
What is the units digit of 1242040540?
0
What is the ten millions digit of 35216414?
3
What is the hundred millions digit of 289834003?
2
What is the units digit of 3193089714?
4
What is the hundred thousands digit of 1159411206?
4
What is the millions digit of 128394464?
8
What is the tens digit of 253072325?
2
What is the ten thousands digit of 39516508?
1
What is the hundreds digit of 524005604?
6
What is the tens digit of 21997974?
7
What is the ten millions digit of 13864171?
1
What is the thousands digit of 4661945393?
5
What is the thousands digit of 31731998?
1
What is the hundreds digit of 49350204?
2
What is the thousands digit of 5978107580?
7
What is the thousands digit of 961064658?
4
What is the ten millions digit of 721339372?
2
What is the units digit of 9108305?
5
What is the hundred thousands digit of 28654811?
6
What is the units digit of 1797405434?
4
What is the units digit of 87075580?
0
What is the units digit of 4507105?
5
What is the tens digit of 106728786?
8
What is the ten thousands digit of 1114554670?
5
What is the hundreds digit of 1284273298?
2
What is the hundreds digit of 7273742253?
2
What is the tens digit of 900740362?
6
What is the millions digit of 175609556?
5
What is the hundred thousands digit of 152878824?
8
What is the hundred thousands digit of 4606575241?
5
What is the tens digit of 988375931?
3
What is the ten thousands digit of 39049085?
4
What is the tens digit of 923597782?
8
What is the ten thousands digit of 1038411305?
1
What is the tens digit of 74494081?
8
What is the units digit of 484623693?
3
What is the hundred thousands digit of 28602530?
6
What is the units digit of 1199218925?
5
What is the thousands digit of 29163919?
3
What is the hundred thousands digit of 1539497?
5
What is the ten millions digit of 31747203?
3
What is the ten millions digit of 5310408205?
1
What is the millions digit of 33528561?
3
What is the millions digit of 35765694?
5
What is the billions digit of 8569916258?
8
What is the ten millions digit of 87823621?
8
What is the hundred thousands digit of 93501773?
5
What is the units digit of 150059096?
6
What is the units digit of 72381797?
7
What is the ten thousands digit of 56748827?
4
What is the units digit of 226472643?
3
What is the hundred millions digit of 143049415?
1
What is the ten thousands digit of 8637464293?
6
What is the thousands digit of 486383308?
3
What is the tens digit of 184460449?
4
What is the hundred thousands digit of 62186318?
1
What is the thousands digit of 1581727103?
7
What is the units digit of 2332213088?
8
What is the units digit of 23636164?
4
What is the units digit of 50749636?
6
What is the ten millions digit of 3897121435?
9
What is the units digit of 199945770?
0
What is the millions digit of 5204477845?
4
What is the hundreds digit of 80306958?
9
What is the ten millions digit of 77107298?
7
What is the hundred millions digit of 175041207?
1
What is the units digit of 64192578?
8
What is the ten thousands digit of 516092948?
9
What is the hundreds digit of 273373963?
9
What is the hundreds digit of 7535391?
3
What is the units digit of 5687362?
2
What is the millions digit of 339102042?
9
What is the hundred millions digit of 4108306587?
1
What is the hundred thousands digit of 730627470?
6
What is the units digit of 2646490335?
5
What is the hundred millions digit of 440275303?
4
What is the millions digit of 3171900730?
1
What is the ten millions digit of 31610563?
3
What is the ten thousands digit of 537470958?
7
What is the thousands digit of 37010017?
0
What is the millions digit of 1434024063?
4
What is the ten millions digit of 44716696?
4
What is the ten millions digit of 1186585607?
8
What is the tens digit of 569607296?
9
What is the units digit of 93729183?
3
What is the hundreds digit of 83314881?
8
What is the tens digit of 60094488?
8
What is the billions digit of 2297114866?
2
What is the tens digit of 436980870?
7
What is the thousands digit of 64398145?
8
What is the ten thousands digit of 75518236?
1
What is the ten millions digit of 2479914357?
7
What is the hundreds digit of 4340066554?
5
What is the thousands digit of 25160559?
0
What is the ten millions digit of 684592640?
8
What is the millions digit of 49696159?
9
What is the billions digit of 1658005415?
1
What is the billions digit of 4977698052?
4
What is the hundreds digit of 745277?
2
What is the hundred thousands digit of 33906808?
9
What is the thousands digit of 23462803?
2
What is the thousands digit of 6383944?
3
What is the hundred thousands digit of 161876108?
8
What is the ten millions digit of 416544112?
1
What is the millions digit of 1335405026?
5
What is the ten millions digit of 100668950?
0
What is the thousands digit of 83556229?
6
What is the tens digit of 47728467?
6
What is the hundred millions digit of 5051250276?
0
What is the ten thousands digit of 4516991086?
9
What is the ten thousands digit of 113228785?
2
What is the hundred millions digit of 826902666?
8
What is the tens digit of 1000994727?
2
What is the units digit of 209654573?
3
What is the hundred millions digit of 153345663?
1
What is the ten millions digit of 11993846?
1
What is the millions digit of 32938886?
2
What is the units digit of 275550071?
1
What is the hundreds digit of 71667140?
1
What is the tens digit of 75910630?
3
What is the hundreds digit of 87710599?
5
What is the hundred thousands digit of 1347107833?
1
What is the ten thousands digit of 2153330918?
3
What is the thousands digit of 3334693595?
3
What is the tens digit of 3519469279?
7
What is the millions digit of 823214519?
3
What is the ten thousands digit of 3562831926?
3
What is the millions digit of 1676066968?
6
What is the millions digit of 3930982068?
0
What is the millions digit of 328701012?
8
What is the thousands digit of 1067369837?
9
What is the millions digit of 1831724262?
1
What is the hundred millions digit of 608844311?
6
What is the billions digit of 2125364485?
2
What is the units digit of 1813673?
3
What is the ten thousands digit of 199301143?
0
What is the hundred thousands digit of 105268709?
2
What is the units digit of 205577997?
7
What is the hundreds digit of 73402322?
3
What is the units digit of 7311115735?
5
What is the units digit of 627727855?
5
What is the tens digit of 268619000?
0
What is the hundreds digit of 44845913?
9
What is the billions digit of 2234397843?
2
What is the tens digit of 2964609791?
9
What is the hundreds digit of 523720314?
3
What is the millions digit of 70005318?
0
What is the units digit of 394091043?
3
What is the units digit of 347913173?
3
What is the ten thousands digit of 24449819?
4
What is the millions digit of 466818566?
6
What is the millions digit of 50295689?
0
What is the thousands digit of 88886679?
6
What is the millions digit of 23033947?
3
What is the hundred thousands digit of 2827485373?
4
What is the tens digit of 132419697?
9
What is the hundreds digit of 3127143118?
1
What is the ten thousands digit of 2711090742?
9
What is the tens digit of 299732954?
5
What is the ten thousands digit of 305220590?
2
What is the tens digit of 31474335?
3
What is the ten thousands digit of 38568637?
6
What is the millions digit of 527153805?
7
What is the ten thousands digit of 21204003?
0
What is the units digit of 81044157?
7
What is the hundred thousands